 Let q be g(-1). Let i(k) be the third derivative of 5*k**4/24 - k**3/3 + 98*k**2 - 1. Calculate i(q).
8
Suppose -5*n = -10*n + 25. Let q be 12*((-10)/n + 3). Let b(r) = -1 + 2*r - q*r - r**2 + 3*r. What is b(-6)?
5
Suppose -3*n - 5 = -4*h, -h + 0*h - 4*n + 25 = 0. Let s(v) = -2*v**2 - 15*v - 6. Let r be s(-6). Let g(f) = f**2 - 1 + 21*f - 15*f + 4 - r*f. What is g(h)?
-2
Let i(q) be the first derivative of q**3 + q**2/2 + 6*q - 13. Determine i(-3).
30
Let v(z) be the second derivative of z**3/3 + 7*z**2/2 + 122*z. Calculate v(-6).
-5
Let a(d) = 8*d**3 + d**2 + d. Let t be (-40)/(-2) - (4 - 1). Suppose 0 = y + 5*k + t, -2*y + k - 10 = 5*k. Suppose -y = 2*m + m. Determine a(m).
-8
Let g = 23 + -20. Suppose x + 29 = 5*m - 23, -g = -x. Let s(f) = f**2 + 0 + 2 - m*f + 10*f. What is s(-3)?
14
Let z(o) = -1 - 5*o**2 - 3*o + 4*o + 4*o**2. Suppose -7 - 3 = 5*j. Let b = j - -3. What is z(b)?
-1
Let x be ((-85)/51)/(10/18). Let j(n) = -6 + 1 + 8*n + 1. Calculate j(x).
-28
Let u(f) = f + 2. Suppose 0 = -5*x - 3*a - 37, -2*a - 30 = -2*x + 6*x. Let r be (110/44)/((-10)/x). Calculate u(r).
4
Suppose -10 = 5*s + 4*f, -10*f + 14*f = 0. Let d(u) be the third derivative of u**4/12 - u**3/6 - u**2. Give d(s).
-5
Suppose -x = -4*g + 8, 2*g + 14 - 24 = -x. Let q(o) = 2*o**2 + 2*o - 4. Calculate q(x).
36
Suppose 0 = 3*m - 4*u - 3 - 13, -16 = -5*m + 4*u. Let r be -2 + (-9)/(-27)*(-9 - m). Let y(l) = -l - 7. Determine y(r).
-2
Let t(z) = z**3 - 6*z**2 + 6*z - 3. Let p = 47 - 35. Suppose -p*u = -9 - 51. What is t(u)?
2
Let x(w) = 5*w**2 - w + 11. Let q be x(6). Let o be 4/26 - q/(-65). Suppose -4*a + o*f = -a - 6, 0 = a + f. Let s(b) = 17*b**3 - b**2. Calculate s(a).
16
Let p be (-2)/5*10/(-1). Let z be (2*7)/(6 - p). Let s(a) = z - 6 - a + 8. What is s(6)?
3
Let w(v) be the third derivative of -v**8/6720 + v**7/420 - v**6/144 - v**5/30 - 11*v**4/24 + 4*v**2. Let l(b) be the second derivative of w(b). Calculate l(5).
-4
Let r(l) be the first derivative of -l**3/3 + 4*l + 17. Determine r(0).
4
Let u(z) = -22*z - 27*z - 4 - 9 + 51*z. Calculate u(-4).
-21
Let c be (2 + -3)*6 - (-80)/20. Let v(s) = -1 + 4 + s - 2. Give v(c).
-1
Let m(k) = 1. Let g(n) = -9*n - 1. Let s(w) = -g(w) - 6*m(w). Calculate s(5).
40
Let a(p) be the second derivative of -p**3/3 + p**2 - p. Let z(x) = 6*x**2 + 36*x + 3. Let q be z(-6). Calculate a(q).
-4
Let l(t) = t - 4. Suppose 0 = -5*n + 5*r - 25, -2*n + 5*r = 2*n + 25. What is l(n)?
-4
Let r(b) = -7*b + b**2 + 35 + 34 - 69. Let c(p) = p**3 - 3*p**2 - 5*p + 10. Let l be c(4). What is r(l)?
-6
Let d(s) = -7*s**2 + 19*s**2 + 3*s + 137*s**3 + 2 - 136*s**3 + 14. Calculate d(-12).
-20
Let o(i) = i**2 + 18*i - 1. Let z(q) = -2*q + 1. Let f(l) = -o(l) - 6*z(l). What is f(-4)?
3
Suppose -3*h + 4*y = 2*y, h - 2*y = 8. Let p(w) = 0*w**3 - 1 - 4*w**2 - 2*w - w**3 - 3. Determine p(h).
4
Let b(x) = x - 1. Let a be b(-1). Let v = -1 + a. Let i(g) be the first derivative of g**4/4 + 4*g**3/3 - g**2/2 - 3*g - 43. Give i(v).
9
Let z = 3 + 1. Let v(s) = s**3 + 3*s**2 + 7*s + 3. Let b(p) = 9*p**2 + 22*p + 0*p**3 + 0*p + 5*p**3 + 10 - p**3. Let r(y) = -2*b(y) + 7*v(y). Give r(z).
5
Suppose 25 + 11 = -4*h. Let t = h + 12. Let q(g) = g**3 + t*g**2 - 4*g**2 + 0*g**3 - 4*g. Calculate q(3).
6
Suppose 0 = 4*p - 9 + 1. Suppose -2*f - 12 = -p*x - 4*f, 2*x - 4*f = 0. Let r(t) = 3 + 5*t - x*t - 2*t. What is r(3)?
0
Let j(a) = -158*a + 24. Let t(p) = -29*p + 5. Let y(o) = 2*j(o) - 11*t(o). Determine y(6).
11
Let u(i) = 7*i**3 + i**2 - i + 3. Let n(m) = -6*m**3 - 2. Let d(f) = 6*n(f) + 5*u(f). Suppose -3*z + 5*z = 22. Let y = -8 + z. Determine d(y).
6
Let w be (-68)/16 + 4 - (-202)/8. Let t = -27 + w. Let b(s) = -3 + 5 + 8*s - 2. Give b(t).
-16
Suppose 3*u - 12 = 2*u. Suppose s - 2*s = -4*b - u, 3*s - 2*b - 16 = 0. Suppose s*a + 12 = 2*a. Let n(k) = k**2 + 6*k + 3. Determine n(a).
3
Let b(n) be the first derivative of -4*n + 3/2*n**2 - 7. Suppose z = -0 + 3. Calculate b(z).
5
Let f(a) = 4*a - 3. Let y(l) = l**2 - 11*l + 12. Let o = -33 - -69. Suppose 0 = 5*u - 14 - o. Let t be y(u). Calculate f(t).
5
Let y(n) = n**2 - 15*n - 6. Let t = 2195 - 2183. Determine y(t).
-42
Let h be 2/((-6)/(-81)) - 2. Suppose -2*g = -3*n - h, -g + n = -n - 15. Let a(p) = 2*p + g - 3 + 4*p + 0 + p**2. What is a(-6)?
2
Let v(z) = 4*z + 15*z + z**2 + 4893 - 4920 - 8*z. Give v(-14).
15
Let k be 18/45 - 44/10. Let s(d) = 2*d**2 + 4*d + 2. Give s(k).
18
Let q(b) = -11*b**2 - 2*b + 2. Suppose 0 = 2*p - i + 3, -4*i - 3 = 1. Give q(p).
-38
Let p(r) = -2*r - 1. Let d(z) = 19*z**3 - z**2 + 6*z + 3. Let c(m) = -d(m) - 3*p(m). Determine c(1).
-18
Let p(j) = j - 10. Let o = 9 + -7. Let b be (10/20)/(o/(-68)). Let l = -10 - b. What is p(l)?
-3
Let y(f) = -f**3 + 9*f**2 + 7*f - 1. Let s(l) = 3*l**3 - 19*l**2 - 14*l + 1. Let r(i) = -2*s(i) - 5*y(i). What is r(-6)?
9
Let z(i) = 2*i**3 + 4*i**2 + 2*i. Suppose 2*o + o = -2*g - 4, g + 1 = -o. Determine z(o).
-4
Let v be 2/(-5) - 255/(-75). Suppose 5*d + 3*c - 14 = -0, -d + 10 = -3*c. Let q(g) = 2*g + 2*g + 5 - v*g - d. Determine q(-3).
-2
Suppose -p - 17 = 4*g, -2*g - 20 = -p - 13. Let y(c) = 0*c - 1 - 3*c**2 - 2*c + c**3 + c**2. What is y(p)?
-2
Let c be (11/2 - 3)*2. Let q be 0 + 10/(0 - c). Let a(o) = -o - 3. Determine a(q).
-1
Let f(a) = a**2 - 4*a - 11. Let c be f(10). Let y(t) = -c*t**2 - 44*t**2 + 92*t**2 - 8*t + 1. Suppose -4*d - 32 = -2*i, -d - i = 2*d + 19. Calculate y(d).
8
Let d(k) = k**3 - 14*k**2 - k + 14. Let n be d(14). Let z(y) = 1 + 3*y + n*y + 0*y. Calculate z(-4).
-11
Let k be 4/20 - (-198)/10. Suppose -z + 5*h + k = 0, -2*z - 2*h = -4*z + 16. Let f(c) = -c**3 + z*c**3 + 1 - 2*c**2 - c**3. Determine f(1).
2
Let b(q) = -q**2 + 2*q - 3. Let z = 110 - 74. Let a be 3/((-6)/68)*1. Let t = z + a. What is b(t)?
-3
Let p = -2 - -1. Let t(s) = s + 7. Let g(j) = 3. Let h(i) = 24. Let a(x) = 33*g(x) - 4*h(x). Let r(y) = 9*a(y) - 4*t(y). What is r(p)?
3
Let l(g) be the second derivative of 0 + 13*g + g**2 - 1/6*g**3. Calculate l(-4).
6
Let u(c) = -c**3 + 15*c**2 + 7. Let r be u(15). Let y(h) = -2*h + 0*h + r*h**2 + 48 + h**2 - 47. Calculate y(1).
7
Let b(r) = -r**3 + 4*r**2 + 5*r. Let c(a) = a**2 + 2*a - 10. Let p be c(-5). What is b(p)?
0
Let w(j) = -4*j**2 - j. Suppose 6 = -12*n - 6. Give w(n).
-3
Let d(w) = -2*w - 4. Let f be d(-3). Let p(n) = -2526*n - 2528*n - 3*n**2 + 5056*n - 1. Give p(f).
-9
Suppose s + 3*w = 6, 11*s - w + 10 = 14*s. Let h(f) = 2*f**2 - 3*f. Determine h(s).
9
Let g(h) = -5*h - 2*h - 33 + 37 + 5*h. What is g(-6)?
16
Let o(f) = 40*f - 37. Let b(s) = -23*s + 19. Let h(t) = 7*b(t) + 4*o(t). Give h(-10).
-5
Let o(b) = -49*b**2 + 9*b + 14. Let x(d) = -24*d**2 + 5*d + 8. Let i(t) = 4*o(t) - 7*x(t). Give i(-1).
-29
Let m(v) = -v**2 - v. Let c(x) = -4*x**2 - 14*x + 5. Let n(s) = -c(s) + 5*m(s). Let q = -2963 + 2972. Give n(q).
-5
Let r(h) = -2*h - 3. Let n = 26 - 25. Suppose -2*v + 3*b = 1, -3*b = 2*v + n + 6. Determine r(v).
1
Let g = -46 + 48. Let o(t) = t**2 + 3*t**2 - 2 - 3*t**g - 4. Suppose 6*b - 3*b = 0. Give o(b).
-6
Let v be 2/6 + 493/51 + -11. Let b(a) = a**2 - a - 1. Give b(v).
1
Let f(n) be the first derivative of -n**6/120 + n**5/20 + n**4/24 - n**3/6 - n**2 - 5. Let d(m) be the second derivative of f(m). Give d(-2).
17
Let u(b) be the first derivative of -b**4/4 + 2*b**3 - 7*b**2/2 + 6*b + 621. Suppose 0 = 4*i - 21 + 5. Give u(i).
10
Let a(p) = p**2 + 8. Let n be 2/(-4)*(-4 + 5 + -1). What is a(n)?
8
Let s(t) = 13*t**3 - 2*t + 1. Let r(w) = 2*w**2 + 98*w + 97. Let o be r(-48). Determine s(o).
12
Let p be (4 + 0)*2/8*-3. Let a(o) = o**2 - 2*o + 3. Give a(p).
18
Suppose 4*w - f = -w - 2, -2*f = -2*w - 4. Let h be (w - 4/10)*-15. Suppose h*u = 2*u + 4. Let g(k) = -9*k**3 + k**2 - k + 1. What is g(u)?
-8
Let t(s) = -s - 2*s**2 + 2 - s**2 + s**2. Let u be 1/(-9) + (-78)/27 - -1. Give t(u).
-4
Suppose -11*c = 13*c + 21*c + 225. Let l(d) = -d**2 + 5*d - 4. Let h be l(3). Let o(x) = -3*x + 0*x**3 - h - x**3 - 3*x**2 - 2*x**2. Calculate o(c).
13
Let g = -12 + 17. Let a = 8 - 5. Let v(w) = -a + 0*w + g*w - 6*w. Calculate v(0).
-3
Let w = -5 - -3. Let h(v) be the third derivative of -v**6/240 - 19*v**4/24 + 7*v**2. Let f(u) be the second derivative of h(u). What is f(w)?
6
Suppose 0 = 5*f + 6 - 26. Suppose f*d = -2 - 2. Let q(z) = 550 + 2*